or of 496 and 64.
16
What is the greatest common factor of 242 and 198?
22
Calculate the highest common factor of 54 and 2349.
27
Calculate the highest common divisor of 730 and 2117.
73
What is the greatest common divisor of 72 and 594?
18
Calculate the highest common divisor of 3 and 105.
3
Calculate the highest common divisor of 110 and 10615.
55
Calculate the greatest common divisor of 42 and 518.
14
What is the highest common divisor of 18 and 186?
6
What is the highest common divisor of 100 and 5300?
100
Calculate the highest common divisor of 108 and 189.
27
What is the greatest common divisor of 1653 and 171?
57
What is the greatest common factor of 5 and 15?
5
Calculate the greatest common divisor of 26 and 34606.
26
What is the greatest common factor of 30743 and 71?
71
Calculate the greatest common factor of 122 and 2013.
61
Calculate the greatest common factor of 39 and 1833.
39
Calculate the greatest common divisor of 522 and 18.
18
Calculate the highest common factor of 299 and 91.
13
What is the greatest common divisor of 45710 and 35?
35
What is the highest common factor of 2 and 178?
2
What is the highest common divisor of 408 and 153?
51
Calculate the greatest common divisor of 970 and 679.
97
Calculate the highest common factor of 40 and 740.
20
What is the highest common factor of 4 and 2476?
4
What is the highest common divisor of 2900 and 3190?
290
Calculate the greatest common factor of 44 and 781.
11
What is the highest common factor of 8 and 7064?
8
What is the greatest common factor of 1584 and 176?
176
What is the greatest common factor of 875 and 375?
125
Calculate the highest common divisor of 17385 and 1140.
285
What is the highest common factor of 300 and 7350?
150
Calculate the greatest common factor of 4 and 1.
1
Calculate the greatest common divisor of 140 and 315.
35
Calculate the greatest common factor of 296 and 1110.
74
Calculate the greatest common factor of 168 and 21.
21
What is the highest common divisor of 29 and 116?
29
Calculate the highest common divisor of 1 and 34.
1
Calculate the highest common factor of 393 and 120651.
393
Calculate the greatest common factor of 11 and 87626.
11
Calculate the highest common divisor of 473 and 86.
43
What is the highest common divisor of 32 and 32?
32
What is the greatest common divisor of 558 and 9?
9
Calculate the greatest common factor of 208 and 143.
13
What is the greatest common factor of 2499 and 51?
51
Calculate the greatest common factor of 356 and 8.
4
Calculate the greatest common divisor of 138 and 322.
46
What is the highest common divisor of 30406 and 46?
46
What is the greatest common divisor of 68 and 391?
17
What is the highest common factor of 88 and 3410?
22
What is the highest common divisor of 7 and 343?
7
What is the highest common divisor of 6 and 1710?
6
Calculate the greatest common factor of 3008 and 64.
64
What is the highest common divisor of 224 and 168?
56
Calculate the greatest common divisor of 29 and 319.
29
Calculate the greatest common factor of 43371 and 79.
79
What is the highest common factor of 280 and 10?
10
What is the highest common factor of 133 and 342?
19
Calculate the greatest common divisor of 8 and 40.
8
Calculate the greatest common divisor of 180 and 255.
15
Calculate the greatest common divisor of 12 and 324.
12
Calculate the highest common factor of 6063 and 129.
129
What is the greatest common divisor of 315 and 3?
3
Calculate the greatest common divisor of 188 and 34498.
94
Calculate the greatest common divisor of 486 and 36.
18
What is the highest common divisor of 1763 and 43?
43
What is the highest common divisor of 5 and 1195?
5
Calculate the greatest common divisor of 11 and 16.
1
What is the highest common divisor of 18081 and 98?
49
Calculate the greatest common divisor of 1494 and 1328.
166
What is the highest common factor of 30 and 405?
15
Calculate the greatest common factor of 3002 and 38.
38
What is the highest common factor of 4194 and 36?
18
What is the highest common factor of 24 and 1584?
24
Calculate the greatest common factor of 328 and 82.
82
What is the greatest common divisor of 53167 and 79?
79
What is the greatest common factor of 27 and 4374?
27
What is the highest common divisor of 23946 and 156?
78
What is the highest common divisor of 36 and 2826?
18
What is the greatest common divisor of 600 and 7350?
150
What is the greatest common factor of 20 and 115?
5
What is the greatest common divisor of 19 and 19?
19
Calculate the highest common factor of 9 and 99.
9
Calculate the highest common factor of 700 and 532.
28
What is the highest common factor of 4110 and 18?
6
Calculate the highest common factor of 972 and 48.
12
What is the highest common divisor of 398 and 2?
2
What is the greatest common factor of 4 and 26?
2
What is the highest common divisor of 1464 and 1200?
24
What is the greatest common factor of 96 and 240?
48
Calculate the greatest common divisor of 34 and 544.
34
What is the greatest common factor of 248 and 2542?
62
Calculate the greatest common divisor of 288 and 2832.
48
What is the highest common divisor of 261 and 657?
9
Calculate the greatest common factor of 238 and 70.
14
Calculate the greatest common divisor of 200 and 656.
8
What is the greatest common factor of 1122 and 66?
66
What is the greatest common divisor of 1068 and 156?
12
Calculate the highest common divisor of 80 and 136.
8
Calculate the greatest common factor of 80 and 2896.
16
Calculate the greatest common factor of 195 and 15.
15
What is the greatest common factor of 12 and 16?
4
What is the greatest common factor of 882 and 28?
14
Calculate the highest common divisor of 44 and 517.
11
What is the greatest common factor of 16 and 26720?
16
What is the highest common divisor of 248 and 248?
248
Calculate the greatest common factor of 18 and 186.
6
Calculate the highest common factor of 67895 and 185.
185
What is the greatest common divisor of 17 and 2278?
17
Calculate the greatest common factor of 1365 and 120.
15
Calculate the greatest common factor of 31 and 1.
1
Calculate the greatest common divisor of 903 and 147.
21
Calculate the highest common divisor of 8990 and 20.
10
What is the highest common divisor of 9 and 225?
9
Calculate the highest common divisor of 464 and 2512.
16
What is the greatest common divisor of 12 and 2658?
6
What is the greatest common factor of 300 and 48?
12
Calculate the greatest common divisor of 12 and 1356.
12
What is the highest common factor of 185 and 74?
37
Calculate the highest common divisor of 21 and 9.
3
Calculate the highest common factor of 25 and 325.
25
What is the highest common divisor of 32 and 6?
2
What is the highest common divisor of 366 and 3538?
122
Calculate the greatest common divisor of 114 and 133.
19
Calculate the greatest common factor of 255 and 480.
15
What is the highest common factor of 5251 and 59?
59
What is the greatest common divisor of 84 and 105?
21
What is the greatest common factor of 1285 and 15?
5
What is the greatest common divisor of 1040 and 5920?
80
Calculate the greatest common divisor of 3 and 243.
3
What is the greatest common divisor of 402 and 6?
6
Calculate the highest common divisor of 64 and 704.
64
Calculate the greatest common divisor of 777 and 21.
21
What is the greatest common divisor of 159 and 15?
3
Calculate the greatest common factor of 344 and 16.
8
What is the greatest common factor of 925 and 37?
37
What is the highest common factor of 45 and 36?
9
Calculate the greatest common divisor of 740 and 4625.
185
Calculate the greatest common divisor of 8 and 216.
8
What is the highest common factor of 128 and 160?
32
Calculate the highest common divisor of 285 and 150.
15
Calculate the highest common divisor of 11 and 121.
11
What is the greatest common factor of 4480 and 35?
35
Calculate the highest common factor of 225 and 36.
9
Calculate the greatest common divisor of 1628 and 1184.
148
What is the greatest common factor of 1155 and 210?
105
Calculate the highest common factor of 1075 and 129.
43
What is the highest common factor of 118 and 295?
59
Calculate the greatest common divisor of 49 and 161.
7
Calculate the greatest common factor of 6 and 48.
6
Calculate the greatest common factor of 6 a